k(13).
-41
Let t(n) = 3*n**2 + 9*n - 34. Calculate t(5).
86
Let b(m) = 3*m + 103. What is b(-29)?
16
Let m(c) = -c**2 - 6*c - 11. Determine m(-4).
-3
Let g(b) = b**3 + 13*b**2 - 2*b - 13. Calculate g(-13).
13
Let j(y) = -2*y + 44. Calculate j(-5).
54
Let j(b) = b**2 - 14*b + 5. Give j(13).
-8
Let j(l) = -l**2 + 5*l + 10. Determine j(6).
4
Let n(q) = -q**2 + 10*q + 10. What is n(9)?
19
Let q(j) = j - 1. Calculate q(7).
6
Let b(c) = c**2 - 13*c + 66. What is b(9)?
30
Let v(i) = -6*i**2 - 4*i - 12. Give v(-4).
-92
Let k(b) = b**2 - b - 23. Calculate k(-5).
7
Let b(g) = g - 2. Give b(8).
6
Let u(k) = -k**3 + 8*k**2 - 14*k - 12. Calculate u(4).
-4
Let s(r) = -r**2 - 8*r - 1. Determine s(-8).
-1
Let f(u) = -11*u - 39. Calculate f(-5).
16
Let o(q) = q**3 - 9*q**2 - 4*q - 10. Give o(8).
-106
Let z(f) = f**2 - 6*f + 1. Calculate z(-2).
17
Let v(p) = p**3 + 6*p**2 - p - 4. Determine v(-6).
2
Let i(u) = u**3 + 11*u**2 + 11*u + 11. Give i(-10).
1
Let y(q) = -q**3 - 12*q**2 - 14*q + 4. Calculate y(-7).
-143
Let i(h) = h**3 - 8*h**2 + 5*h + 3. Calculate i(7).
-11
Let o(i) = 12*i**2 + i - 2. Determine o(1).
11
Let g(p) = 5*p - 8. Calculate g(8).
32
Let c(a) = a**2 + 18*a - 35. Give c(-19).
-16
Let f(k) = 2*k + 32. Give f(-18).
-4
Let o(h) = -h**3 - 3*h**2 + 2*h - 4. Determine o(-4).
4
Let t(d) = d**3 - 15*d**2 - 15*d - 15. Give t(16).
1
Let m(c) = c**2 - 10*c + 5. Give m(10).
5
Let r(q) = q**3 + 3*q**2 - 32*q - 26. What is r(-7)?
2
Let h(v) = 13*v**3 - v**2 + 1. Determine h(1).
13
Let w(h) = -3*h + 85. Determine w(21).
22
Let w(g) = -13*g + 4. Determine w(3).
-35
Let v(x) = -8*x + 2. Calculate v(1).
-6
Let i(x) = 2*x**2 + 6*x - 14. Determine i(-6).
22
Let a(m) = m**3 - 12*m**2 + 36*m. Give a(6).
0
Let b(z) = 10*z + 1. What is b(-6)?
-59
Let d(x) = x**2 + 6*x - 5. Calculate d(-6).
-5
Let z(l) = -7*l + 80. Determine z(9).
17
Let t(p) = -p**2 + 16*p + 46. Determine t(20).
-34
Let h(u) = u**2 + 17*u + 18. Give h(-16).
2
Let q(c) = -c**3 + 8*c**2 + 9*c + 6. What is q(9)?
6
Let v(a) = -2*a - 14. Give v(-10).
6
Let s(v) = -9*v + 56. Calculate s(4).
20
Let l(f) = f**3 - 16*f**2 + 9*f - 130. Calculate l(16).
14
Let r(f) = -2*f - 6. Determine r(-5).
4
Let d(b) = -b**3 + 6*b**2 + 2*b - 13. Calculate d(3).
20
Let s(a) = 3*a**2 - 2*a + 13. Give s(3).
34
Let d(f) = -4*f**2 + 4*f + 3. Give d(-2).
-21
Let i(j) = j + 7. Give i(6).
13
Let j(a) = 2*a**2 - 43*a + 127. What is j(3)?
16
Let b(i) = 2*i**2 + 18*i + 9. Determine b(-12).
81
Let a(l) = 7*l**2 - 76*l + 4. What is a(11)?
15
Let s(y) = 2*y**3 - 13*y**2 + 4*y + 3. Determine s(6).
-9
Let y(q) = -q**3 + 8*q**2 + 7*q + 26. Determine y(9).
8
Let l(y) = 2*y**3 + 4*y**2 + 4*y - 2. What is l(-2)?
-10
Let h(l) = -l**2 - 9*l + 20. Give h(-10).
10
Let w(h) = h**2 + 25*h + 153. Give w(-10).
3
Let j(k) = -19*k - 122. Determine j(-6).
-8
Let a(t) = 36*t**2 - 2*t. What is a(1)?
34
Let x(u) = 4*u**2 + 45*u + 76. Calculate x(-9).
-5
Let n(v) = -v**2 + 3*v + 6. Give n(-3).
-12
Let p(d) = -11*d + 130. Give p(11).
9
Let o(t) = 18*t - 8. What is o(4)?
64
Let h(s) = -5*s - 2. Calculate h(-3).
13
Let g(t) = t**3 + 9*t**2 - 41*t - 53. What is g(-12)?
7
Let g(i) = -17*i**2. Determine g(1).
-17
Let x(q) = 35*q + 170. What is x(-5)?
-5
Let w(a) = -a**3 - 6*a**2 - 3*a - 3. Give w(-2).
-13
Let m(n) = 18*n + 204. What is m(-11)?
6
Let y(d) = 120*d**2 + 482*d + 1. What is y(-4)?
-7
Let k(t) = -16*t - 383. What is k(-23)?
-15
Let z(b) = -b**3 + 4*b**2 + 6*b - 12. Give z(3).
15
Let c(p) = -11*p + 10. Give c(-3).
43
Let w(f) = f**3 + 19*f**2 + 14*f - 72. Calculate w(-18).
0
Let b(i) = i**3 + 30*i**2 - 30*i + 24. Determine b(-31).
-7
Let s(z) = -z**3 + 1. Calculate s(-2).
9
Let l(p) = p**2 + 13*p + 11. Calculate l(-8).
-29
Let i(w) = 2*w - 1. Calculate i(-1).
-3
Let m(z) = -77*z + 7. Calculate m(1).
-70
Let n(v) = -11*v**2 - 15*v + 65. Determine n(4).
-171
Let q(y) = -y - 2. Give q(4).
-6
Let x(v) = -v - 11. What is x(-20)?
9
Let r(m) = -m**3 - m**2 + 23*m - 33. Give r(2).
1
Let d(r) = -6*r - 39. What is d(-6)?
-3
Let q(g) = -3*g**2 + g + 3. Calculate q(2).
-7
Let p(h) = -h**2 - 2*h. Give p(-2).
0
Let y(d) = 2*d - 35. Give y(15).
-5
Let c(m) = -m**3 + 22*m**2 + 24*m - 28. What is c(23)?
-5
Let x(i) = -i**3 + 6*i**2 - 7*i. What is x(5)?
-10
Let t(i) = i**3 + i**2 - 4*i + 2. What is t(1)?
0
Let k(j) = 13*j - 30. What is k(2)?
-4
Let c(f) = 2*f**3 + 42*f**2 - 2*f - 38. Give c(-21).
4
Let z(m) = -m**3 - 9*m**2 + 7*m + 24. Give z(-10).
54
Let k(z) = -z**2 - 17*z - 42. What is k(-13)?
10
Let a(p) = p**2 + 8*p + 10. What is a(-6)?
-2
Let v(l) = -l**3 + l**2 + 25*l - 11. What is v(0)?
-11
Let x(a) = 2*a**3 + 12*a**2 - a - 2. Determine x(-6).
4
Let j(h) = -18*h - 38. What is j(6)?
-146
Let j(x) = -x**3 + 16*x**2 + 56*x + 23. Give j(19).
4
Let b(m) = -m**3 + m**2 - 91. What is b(0)?
-91
Let o(n) = -n**2 + 15*n + 17. Give o(16).
1
Let i(c) = -15*c**3 + c**2 - 1. Give i(-1).
15
Let x(i) = -2*i**2 - 2*i - 1. Give x(4).
-41
Let n(m) = -3*m**2 - m - 3. Give n(-1).
-5
Let b(k) = -5*k - 22. Calculate b(0).
-22
Let y(u) = -u**3 + 7*u**2 + 11*u + 22. What is y(9)?
-41
Let y(q) = q**3 - 15*q**2 - 17*q + 20. What is y(16)?
4
Let t(r) = 2*r**3 + 114*r**2 - 2*r - 111. Give t(-57).
3
Let d(j) = -j**3 - 17*j**2 + 18*j - 48. Give d(-18).
-48
Let a(t) = -21*t**3 + 103*t**2 + 9*t + 9. Calculate a(5).
4
Let a(k) = -k**3 - 8*k**2 - 8*k. What is a(-7)?
7
Let j(l) = -10*l**2 - 5*l + 2. Determine j(3).
-103
Let y(k) = -3*k**2 + 38*k - 114. Determine y(6).
6
Let r(w) = -w**2 + 10*w - 23. What is r(5)?
2
Let d(k) = -k + 5. Determine d(13).
-8
Let w(n) = n**3 + 3*n**2 + 7*n + 71. Calculate w(-5).
-14
Let x(p) = p**3 - 60*p**2 + 116*p - 1. What is x(58)?
-1
Let w(h) = -h + 3. Give w(-13).
16
Let h(r) = -r**3 + r**2 + 11. What is h(3)?
-7
Let i(z) = -z**2 - 45*z - 173. What is i(-41)?
-9
Let f(p) = 42*p + 300. Determine f(-7).
6
Let c(v) = 11*v - 1. Give c(1).
10
Let c(k) = k**3 - 10*k**2 - 12*k + 15. Calculate c(11).
4
Let v(y) = -13*y**2 + 6*y - 9. Determine v(3).
-108
Let n(p) = -p**3 - 6*p**2 - 6*p - 6. Determine n(-5).
-1
Let c(k) = k**2 + 2*k - 12. Determine c(-3).
-9
Let l(w) = w**3 - 23*w**2 + 22*w - 5. Determine l(22).
-5
Let v(t) = 3*t + 1. Give v(7).
22
Let y(p) = -p**3 - 7*p**2 + 7*p - 11. What is y(-9)?
88
Let b(p) = -p**2 - 22*p - 20. Give b(-21).
1
Let b(y) = 2*y - 41. Determine b(30).
19
Let a(v) = -13*v + 533. Determine a(39).
26
Let w(g) = -g**3 - 13*g**2 - g + 4. Calculate w(-13).
17
Let m(s) = -2*s**2 + 7*s - 8. Determine m(4).
-12
Let h(q) = q**3 + 50*q**2 - q - 58. Give h(-50).
-8
Let g(f) = -f**2 - 12*f + 55. Determine g(-16).
-9
Let k(n) = -n**2 + 3*n - 5. Give k(4).
-9
Let w(n) = n - 5. Give w(-3).
-8
Let c(j) = j - 7. Determine c(7).
0
Let q(u) = u**2 + 2*u + 5. Determine q(-5).
20
Let z(g) = 4*g + 48. What is z(-13)?
-4
Let b(s) = 90*s + 6. Give b(-2).
-174
Let j(m) = -m**3 - 13*m**2 + 46*m - 39. Calculate j(-16).
-7
Let l(x) = 21*x - 237. Calculate l(11).
-6
Let k(c) = c**2 - 5*c + 3. Calculate k(4).
-1
Let b(k) = 2*k + 30. Give b(-19).
-8
Let f(k) = k**2 - 11*k + 20. Determine f(2).
2
Let k(a) = -a**2 + 14*a - 58. Give k(7).
-9
Let h(c) = c - 1. Give h(-10).
-11
Let d(b) = b**2 - 6*b - 10. Calculate d(8).
6
Let u(b) = b**3 + 12*b**2 + 33*b + 7. Give u(-8).
-1
Let s(n) = 8*n - 26. Give s(4).
6
Let d(k) = k**2 + 2*k - 12. What is d(0)?
-12
Let a(f) = -3*f - 4. What is a(5)?
-19
Let x(p) = -p**2 - 4*p + 30. Determine x(-7).
9
Let r(h) = -h**3 - 4*h**2 + 27*h + 79. What is r(-3)?
-11
Let x(v) = -v**2 - 2*v + 6. Determine x(-5).
-9
Let l(c) = -c**3 + 34*c**2 - 1. What is l(34)?
-1
Let t(g) = 18*g - 100. What is t(5)?
-10
Let i(d) = d - 8. Give i(-6).
-14
Let u(p) = 2*p**2 + 3*p + 5. What is u(-5)?
40
Let v(b) = 6*b - 22. What is v(18)?
86
Let b(k) = -k**3 - k**2 + 9*k + 1. Give b(0).
1
Let v(g) = -7*g + 7. Determine v(3).
-14
Let n(f) = -f**2 + f - 1. Determine n(3).
-7
Let h(c) = 5*c**2 + 60*c. What is h(-12)?
0
Let m(t) = t**3 + 12*t**2 - 14*t - 12. Calculate m(-13).
1
Let a(l) = -l**2 + 15*l + 34. Determine a(14).
48
Let j(b) = -b**3 - 4*b**2 + 6*b + 4. Give j(-4).
-20
Let a(q) = -39*q - 62. Determine a(-2).
16
Let v(t) = -t + 7. Calculate v(11).
-4
Let k(d) = -d**3 - 8*d**2 + 2*d - 26. Determine k(-8).
-42
Let s(i) = -i**3 - 26*i**2 - 22*i + 57. What is s(-25)